 (base 5) in base 2?
-11100
Convert -7 (base 9) to base 11.
-7
Convert -1 (base 10) to base 12.
-1
-1 (base 5) to base 6
-1
Convert 15 (base 9) to base 12.
12
What is 1 (base 2) in base 5?
1
Convert -110110 (base 2) to base 12.
-46
Convert -3 (base 13) to base 9.
-3
116 (base 7) to base 6
142
What is -10 (base 4) in base 13?
-4
-1 (base 10) to base 16
-1
What is 11 (base 2) in base 10?
3
Convert 20 (base 6) to base 14.
c
What is 0 (base 13) in base 11?
0
What is 154 (base 9) in base 3?
11211
What is -3 (base 16) in base 7?
-3
Convert 71 (base 10) to base 13.
56
What is 41 (base 5) in base 15?
16
Convert -a (base 13) to base 5.
-20
-100 (base 4) to base 5
-31
Convert -144 (base 7) to base 15.
-56
What is -10 (base 15) in base 8?
-17
21 (base 15) to base 8
37
What is 38 (base 10) in base 13?
2c
5 (base 10) to base 6
5
Convert -42 (base 7) to base 4.
-132
-40 (base 13) to base 11
-48
What is 0 (base 8) in base 6?
0
Convert -1 (base 14) to base 10.
-1
Convert -10 (base 3) to base 5.
-3
What is -6 (base 15) in base 9?
-6
Convert 122 (base 13) to base 16.
c5
Convert 3 (base 4) to base 12.
3
4 (base 5) to base 4
10
Convert -26 (base 11) to base 5.
-103
What is -2 (base 8) in base 16?
-2
Convert 220 (base 3) to base 10.
24
What is 28 (base 14) in base 8?
44
Convert 1050 (base 6) to base 2.
11110110
What is -14 (base 11) in base 2?
-1111
What is 123 (base 8) in base 2?
1010011
What is 2 (base 10) in base 6?
2
-10 (base 7) to base 11
-7
Convert 46 (base 11) to base 12.
42
Convert 56 (base 13) to base 12.
5b
Convert 104 (base 5) to base 6.
45
What is 432 (base 6) in base 15?
ae
37 (base 9) to base 12
2a
Convert -1111 (base 3) to base 14.
-2c
23 (base 9) to base 15
16
What is 236 (base 9) in base 10?
195
-60 (base 12) to base 13
-57
What is -5 (base 8) in base 12?
-5
2 (base 9) to base 13
2
-2 (base 5) to base 16
-2
122 (base 4) to base 3
222
What is -77 (base 16) in base 9?
-142
-163 (base 7) to base 12
-7a
Convert -2 (base 11) to base 8.
-2
-1 (base 10) to base 7
-1
Convert 1 (base 14) to base 4.
1
Convert -3 (base 12) to base 2.
-11
32 (base 6) to base 11
19
Convert -10111 (base 2) to base 11.
-21
Convert 38 (base 15) to base 11.
49
What is -ab (base 14) in base 2?
-10010111
-d1 (base 15) to base 16
-c4
Convert 204 (base 7) to base 12.
86
Convert -101 (base 3) to base 9.
-11
What is 1000 (base 2) in base 14?
8
What is -36 (base 7) in base 2?
-11011
What is -6 (base 11) in base 2?
-110
Convert 3 (base 11) to base 9.
3
Convert 27 (base 9) to base 5.
100
What is 2e (base 16) in base 14?
34
What is -3 (base 7) in base 8?
-3
Convert 11 (base 3) to base 13.
4
Convert -5 (base 7) to base 14.
-5
What is -22 (base 4) in base 11?
-a
Convert 21 (base 10) to base 16.
15
11 (base 4) to base 12
5
-5 (base 14) to base 3
-12
What is 12 (base 3) in base 8?
5
Convert -7 (base 10) to base 9.
-7
0 (base 9) to base 11
0
What is -7 (base 15) in base 6?
-11
-11 (base 6) to base 16
-7
27 (base 8) to base 2
10111
12 (base 5) to base 7
10
8 (base 14) to base 16
8
Convert 1 (base 11) to base 5.
1
What is 68 (base 15) in base 9?
118
66 (base 10) to base 4
1002
Convert 30 (base 6) to base 9.
20
-243 (base 5) to base 2
-1001001
What is -31 (base 7) in base 14?
-18
1 (base 14) to base 15
1
20 (base 4) to base 16
8
Convert -8 (base 16) to base 10.
-8
Convert 1 (base 2) to base 12.
1
-5d (base 14) to base 10
-83
Convert 2 (base 14) to base 5.
2
Convert -301 (base 7) to base 6.
-404
0 (base 12) to base 11
0
Convert 7 (base 12) to base 15.
7
Convert -1 (base 3) to base 4.
-1
Convert 20 (base 5) to base 13.
a
What is -a (base 13) in base 2?
-1010
9 (base 12) to base 13
9
What is 10 (base 13) in base 9?
14
236 (base 10) to base 12
178
4 (base 11) to base 2
100
What is 22 (base 7) in base 15?
11
What is -2 (base 10) in base 7?
-2
Convert 7 (base 14) to base 13.
7
What is 5 (base 12) in base 4?
11
1 (base 6) to base 14
1
-46 (base 10) to base 13
-37
What is 7 (base 16) in base 15?
7
Convert 14 (base 8) to base 16.
c
-10 (base 2) to base 7
-2
Convert 75 (base 15) to base 8.
156
110101 (base 2) to base 8
65
Convert -312 (base 5) to base 3.
-10001
What is 10 (base 2) in base 6?
2
Convert 3 (base 14) to base 13.
3
-81 (base 10) to base 13
-63
What is 2101 (base 5) in base 3?
101020
-1 (base 12) to base 11
-1
14 (base 10) to base 11
13
Convert -38 (base 15) to base 16.
-35
Convert 12 (base 3) to base 12.
5
-16 (base 11) to base 9
-18
Convert -64 (base 10) to base 4.
-1000
Convert 110 (base 5) to base 10.
30
-16 (base 10) to base 9
-17
What is -26 (base 10) in base 13?
-20
What is 4 (base 7) in base 5?
4
-3 (base 16) to base 14
-3
Convert -27 (base 9) to base 15.
-1a
What is -a7 (base 12) in base 5?
-1002
What is -2 (base 9) in base 12?
-2
What is -4 (base 8) in base 13?
-4
Convert -4b (base 13) to base 2.
-111111
What is 78 (base 16) in base 12?
a0
2 (base 15) to base 9
2
52 (base 9) to base 7
65
What is -a8 (base 16) in base 11?
-143
Convert 2 (base 4) to base 5.
2
Convert -3 (base 14) to base 3.
-10
What is -56 (base 16) in base 3?
-10012
What is -11 (base 7) in base 13?
-8
Convert -14 (base 14) to base 3.
-200
13 (base 7) to base 12
a
What is 20 (base 6) in base 16?
c
10 (base 8) to base 11
8
Convert -224 (base 7) to base 3.
-11022
What is 16 (base 10) in base 7?
22
What is -1103 (base 4) in base 3?
-10002
What is -23 (base 4) in base 12?
-b
4 (base 5) to base 15
4
What is 29 (base 11) in base 5?
111
What is -16 (base 16) in base 8?
-26
What is 0 (base 4) in base 16?
0
-11 (base 12) to base 10
-13
Convert -32 (base 4) to base 16.
-e
0 (base 16) to base 12
0
Convert 5 (base 11) to base 2.
101
Convert -511 (base 7) to base 12.
-191
17 (base 9) to base 10
16
What is 30 (base 4) in base 11?
11
What is -11 (base 3) in base 6?
-4
Convert -33 (base 6) to base 5.
-41
101001 (base 2) to base 15
2b
-13 (base 9) to base 13
-c
Convert 48 (base 10) to base 5.
143
Convert 21 (base 11) to base 2.
10111
What is 2 (base 4) in base 2?
10
What is -2201 (base 4) in base 6?
-425
What is 5 (base 15) in base 9?
5
Convert -16 (base 8) to base 4.
-32
20 (base 3) to base 16
6
What is 1 (base 13) in base 11?
1
What is a4 (base 12) in base 3?
11121
What is -1 (base 5) in base 13?
-1
Convert 47 (base 8) to base 2.
100111
What is -4 (base 8) in base 16?
-4
-209 (base 11) to base 10
-251
What is -115 (base 10) in base 13?
-8b
What is 101011 (base 2) in base 10?
43
10000 (base 2) to base 11
15
-2 (base 6) to base 13
-2
What is 1012 (base 3) in base 4?
200
Convert -1 (base 14) to base 15.
-1
Convert 1 (base 6) to base 12.
1
Convert -12 (base 5) to base 11.
-7
What is -1 (base 7) in base 2?
-1
What is 202 (base 4) in base 12?
2a
Convert -8b (base 14) to base 4.
-1323
Convert 0 (base 5) to base 2.
0
Convert 3 (base 9) to base 15.
3
What is 3 (base 11) in base 4?
3
50 (base 10) to base 16
32
What is 0 (base 4) in base 15?
0
-11 (base 6) to base 16
-7
-86 (base 13) to base 2
-1101110
What is -43 (base 5) in base 6?
-35
What is -3 (base 4) in base 14?
-3
Convert -3 (base 8) to base 13.
-3
18 (base 12) to base 7
26
Convert 2 (base 7) to base 5.
2
0 (base 5) to base 9
0
-1 (base 8) to base 6
-1
-6 (base 16) to base 14
-6
Convert 9 (base 12) to base 3.
100
What is -2 (base 10) in base 7?
-2
What is -8 (base 13) in base 9?
-8
Convert 111 (base 4) to base 12.
19
What is -3010 (base 5) in base 3?
-112002
2 (base 14) to base 9
2
0 (base 11) to base 8
0
Convert 3 (base 12) to base 8.
3
Convert 44 (base 6) to base 14.
20
What is -1bc (base 13) in base 3?
-110000
-91 (base 13) to base 5
-433
Convert 11 (base 2) to base 15.
3
-2 (base 15) to base 13
-2
10 (base 5) to base 2
101
-20 (base 14) to base 7
-40
-7d (base 16) to base 2
-1111101
20 (base 4) to base 15
8
Convert 133 (base 6) to base 13.
45
What is -5 (base 11) in base 12?
-5
-17 (base 15) to base 9
-24
11 (base 11) to base 9
13
-15d (base 16) to base 4
-11131
Convert -28 (base 11) to base 5.
-110
0 (base 12) to base 2
0
What is -182 (base 9) in base 15?
-a5
-281 (base 11) to base 10
-331
What is 5 (base 12) in base 10?
5
-2 (base 6) to base 16
-2
What is -1023 (base 5) in base 15?
-93
What is 0 (base 9) in base 11?
0
29 (base 12) to base 13
27
-10 (base 3) to base 15
-3
What is -34 (base 5) in base 7?
-25
Convert -1 (base 13) to base 14.
-1
Convert 31 (base 6) to base 11.
18
Wh